pose 4*i - 251 = 397. Let u be 16/56 - (-68)/7. Suppose 4*d - 82 = -u. Calculate the greatest common divisor of i and d.
18
Let p = 38 + -36. Calculate the greatest common factor of 14 and p.
2
Let j(d) = 13*d**3 + 3*d**2 - 3*d + 2. Let k be j(2). Calculate the highest common divisor of k and 14.
14
Let m(a) = -3*a**2 + 12*a. Let t be m(9). Let y = -58 - t. Calculate the greatest common divisor of 11 and y.
11
Let t(x) = x**2 - x - 1. Let g be t(-1). Suppose -g = 3*r + 5. Let f be 1/r - 27/(-6). What is the highest common divisor of 4 and f?
4
Let r(d) = -d + 43*d**2 + 11 - 11. Let h be r(1). Let m = -11 + 25. Calculate the highest common factor of m and h.
14
Let y = 26 - 14. Suppose y = -g + 4*g. Suppose -3*o + 132 = -0*o. What is the greatest common factor of g and o?
4
Let t(i) = 10*i**3 - 2*i**2 + 1. Let j be t(-1). Let p = 21 + j. Suppose -5*k + 19 = -56. Calculate the greatest common factor of p and k.
5
Let d = -1 - -39. Calculate the highest common divisor of d and 342.
38
Let m be ((-10)/(-3))/(6/45). Let b = -14 + m. Suppose -2*u - 11 = -99. What is the greatest common factor of u and b?
11
Suppose -g - g = -28. Let v = g + -5. Suppose -4*u + v*h = 4*h - 245, 5*h - 15 = 0. Calculate the greatest common divisor of u and 26.
13
Let d be (-6*(-15)/(-12))/((-8)/96). Calculate the greatest common factor of d and 18.
18
Let k = -248 - -383. Suppose 3*n - 7*n + 16 = 0, 2*d - 2*n = -70. Let a = d - -46. What is the highest common divisor of k and a?
15
Let d(o) = -o**3 + 9*o**2 + 9*o + 4. Let t be d(10). Let u = t - -24. What is the greatest common factor of u and 126?
18
Suppose -8 = -4*r + 3*b, -r - 1 + 3 = 5*b. Suppose 2*t - 3 = -r*y + 3*t, 3*y + t - 12 = 0. What is the highest common factor of 9 and y?
3
Let b be 11/(-77) + 169/7. Calculate the highest common factor of b and 12.
12
Let a(x) = x**2 + 2*x - 2. Let b be a(3). Suppose -5*h - 2*r = -116 - 341, -2*r = 8. Let k = h - b. What is the highest common factor of k and 32?
16
Suppose 0 = 4*w + t - 4, -3*w + t = -2*w - 1. Let y = 6 - w. Let c = -3 + y. What is the highest common factor of c and 10?
2
Suppose -5*v + v - 12 = 0. Let t be (-2 + v/(-2))*-14. Let z be 63 - (0/2)/1. Calculate the greatest common divisor of z and t.
7
Let h = -12 - -24. Let z = -8 + h. Suppose -16*n = -18*n + 20. Calculate the greatest common divisor of n and z.
2
Let j = -3 + 1. Let l = -13 + 20. Let k be l/j*(-24 - -4). Calculate the greatest common factor of k and 10.
10
Suppose -316 = -5*a - 96. Suppose -a + 18 = -b. Suppose 0 = -2*k + 2, -b = -6*c + 4*c - 4*k. What is the highest common divisor of c and 11?
11
Let u(c) = 3*c**3 - 4*c**2 + 7*c - 9. Let p be u(2). Calculate the highest common divisor of p and 65.
13
Let u be (-2)/2*(-8)/(-12)*-216. What is the greatest common factor of 8 and u?
8
Suppose 2*q + 75 = 199. Suppose 63 + q = 5*j. Suppose 5*u + j - 70 = 0. What is the highest common factor of u and 72?
9
Let n = 355 - 107. What is the highest common divisor of 31 and n?
31
Suppose 18 + 12 = -3*k. Let q be 2 + -3 + -2 + k. Let p = -8 - q. What is the greatest common factor of p and 25?
5
Suppose 0 = i + i - 3*m - 180, 356 = 4*i - 4*m. Calculate the greatest common divisor of i and 58.
29
Suppose 2*x = -5*p + 2*p + 422, 0 = -4*x + 5*p + 888. What is the highest common divisor of 31 and x?
31
Suppose -k = k. Suppose k = 2*h - 5*h + 135. Suppose 4*g = 5*g - h. What is the greatest common factor of g and 5?
5
Suppose 0 = -9*j - 27 + 99. Calculate the greatest common factor of j and 56.
8
Suppose 184*x - 9 = 181*x. What is the greatest common factor of x and 15?
3
Let f(b) = b**3 - 12*b**2 + 11*b + 12. Let n be f(11). What is the highest common factor of n and 60?
12
Suppose -2 = z - 6. Suppose 0 = -k + 2*v + 8, z*v + 4 = -4*k - 12. Suppose k = 2*w - 4*w + 10. Calculate the greatest common divisor of w and 5.
5
Suppose 12*l + 40 = 17*l. Calculate the greatest common factor of 8 and l.
8
Suppose 3*t - 7*t + 15 = u, -u = t - 12. Suppose 5*r = 3*w + 70, 0 = -8*w + 3*w - 25. What is the highest common divisor of u and r?
11
Let c(k) = k**3 + 14*k**2 + 13*k + 2. Let a be c(-13). Suppose 0*g = a*g - 22. Calculate the highest common divisor of 77 and g.
11
Let a be (-5)/((-20)/36) - 2. Calculate the greatest common factor of 21 and a.
7
Let p = 30 - 16. Calculate the greatest common divisor of p and 14.
14
Let b(i) = 19*i**3 - i**2 - i + 1. Let a = -1 - -2. Let r be b(a). Let y = 7 - -5. Calculate the greatest common divisor of r and y.
6
Let m(b) = b + 10. Suppose 3*u = 19 - 1. Let g be m(u). What is the highest common factor of g and 40?
8
Suppose -44 - 1 = -3*p. Let r(h) = -h**2 - 3*h - 6. Let z be r(-4). Let o be (-1 + 2/4)*z. Calculate the greatest common factor of o and p.
5
Suppose 2 - 5 = -n. Suppose 261 = n*k - 0*k. Suppose 0 = 4*p - k - 81. What is the greatest common divisor of 28 and p?
14
Suppose j - 3 = -4*q - q, 4*j = 5*q + 87. Let t be (-2)/(2/(-2 + 0)). Suppose -w = -c + 16, 2*c + t*w - 22 = c. What is the highest common divisor of c and j?
18
Let a be 77/1 - (7 - 2). What is the highest common factor of 24 and a?
24
Let z be (0/(2 - -1))/1 - -33. What is the highest common divisor of z and 3?
3
Suppose 3*m = 96 + 111. Suppose 5*s - 31 = -6, 0 = 2*y - 3*s - m. Suppose 0 = z + z - y. Calculate the greatest common factor of z and 189.
21
Let y(a) = 11*a**2 - 3*a + 2. Let f be y(2). Suppose d = -3*d + f. What is the highest common divisor of 50 and d?
10
Suppose -4*l + 2*l = -730. Suppose -l = -4*b - o + 6*o, -3*o + 410 = 5*b. Suppose 3*d + 4 = b. Calculate the highest common factor of d and 18.
9
Let x = 10 + -1. Calculate the greatest common divisor of 6 and x.
3
Let n be (-530)/(-15) + (-4)/(-6). Let u be n*(4 + 1)/10. Suppose 0 = 3*z + 2*z - 270. Calculate the greatest common factor of u and z.
18
Let i = -36 + 69. Let w = -78 + 140. Let t = w + -40. Calculate the highest common divisor of t and i.
11
Let h(p) = -p**3 - 7*p**2 - 9*p + 4. Let g be h(-7). Suppose 0 = -5*w - 5, 0 = 5*s - s + w - g. What is the highest common divisor of s and 17?
17
Let k(l) be the second derivative of -l**3/6 + 4*l**2 - 3*l. Let n be k(6). What is the highest common divisor of n and 10?
2
Suppose -2*i = -t - 4*t + 9, 4*i = -t + 15. Suppose -5*k = 2*c - 20, 12 = -c + i*c + k. Calculate the highest common divisor of 15 and c.
5
Suppose -21 = -2*p + 3. Let a = 114 + -78. What is the greatest common factor of a and p?
12
Suppose -5*t = -34 - 6. Calculate the highest common divisor of 1 and t.
1
Let x(t) = 10*t**2 - 2*t - 1. Let n be x(-1). Let j = 0 - -2. Suppose j*f - 38 = -m + f, 0 = -5*f + 25. What is the greatest common divisor of n and m?
11
Let w = 136 + 112. What is the highest common factor of 31 and w?
31
Let s = 21 + -7. Let v be 1 - (-2 + 0 - 0). Suppose 5*a - 3*t = s, 5*a - v*t - 6 = 2*a. What is the greatest common factor of 16 and a?
4
Suppose 284 = 3*g - 4*l + 5*l, -5*l - 212 = -2*g. What is the highest common factor of g and 16?
16
Let o(c) = -18*c**3 - c**2 - 2*c - 1. Let m be o(-1). Let w be (3/(-3))/((-2)/m). What is the greatest common divisor of 72 and w?
9
Let j be -45 - -2*(-1)/(-2). Let y = j - -65. Let x = 15 + -1. What is the greatest common divisor of y and x?
7
Suppose 3*p - 5*c - 2 - 1 = 0, -p + 1 = 2*c. What is the highest common factor of p and 8?
1
Let b = 21 + -12. Suppose -f - b = -3*t - 1, -2*t + 12 = f. Suppose 0 = -5*g + t*l + 51, 4*g + 2*l - 36 = 4*l. Calculate the greatest common factor of 28 and g.
7
Let z be (-1)/(-4) + 363/(-12). Let k = 14 - z. What is the highest common factor of 22 and k?
22
Suppose h - 2*h = -2*v - 5, -3*h + v = -25. Let u = -3 + h. Calculate the highest common factor of u and 12.
6
Let o(m) = 3 - 15*m**3 - 3 + 2*m - 1 + m**2. Let n = 18 + -20. Let f be o(n). Calculate the greatest common divisor of 17 and f.
17
Suppose -5*n = -2*l - 119, l + 2*n - 262 = 5*l. Let v = -41 - l. What is the highest common factor of v and 65?
13
Suppose 5*b - 31 = 4. Suppose -3*l + b*l - 156 = 0. Suppose 2*y - 45 = -3*u, 2*u + 2*y - 23 = 9. What is the greatest common divisor of u and l?
13
Suppose 3*s - 5*o + 4 = -0*s, -s + 4*o - 6 = 0. Let l(v) = 2*v**2 + v + 2. Let y be l(s). Suppose 16*b + 64 = 352. What is the highest common factor of b and y?
6
Suppose -u = -5,